Last updated on 2014-10-02 01:48:11.
Flavor | Version | Tinstall | Tcheck | Ttotal | Status | Flags |
---|---|---|---|---|---|---|
r-devel-linux-x86_64-debian-clang | 0.24 | 3.59 | 39.22 | 42.81 | NOTE | |
r-devel-linux-x86_64-debian-gcc | 0.24 | 4.00 | 37.91 | 41.92 | NOTE | |
r-devel-linux-x86_64-fedora-clang | 0.24 | 97.63 | NOTE | |||
r-devel-linux-x86_64-fedora-gcc | 0.24 | 106.13 | NOTE | |||
r-devel-osx-x86_64-clang | 0.24 | 86.95 | NOTE | |||
r-devel-windows-ix86+x86_64 | 0.24 | 14.00 | 61.00 | 75.00 | NOTE | |
r-patched-linux-x86_64 | 0.24 | 3.71 | 42.63 | 46.34 | NOTE | |
r-patched-solaris-sparc | 0.24 | 569.70 | NOTE | |||
r-patched-solaris-x86 | 0.24 | 151.30 | NOTE | |||
r-release-linux-ix86 | 0.24 | 5.56 | 55.43 | 61.00 | NOTE | |
r-release-linux-x86_64 | 0.24 | 4.05 | 44.00 | 48.05 | NOTE | |
r-release-osx-x86_64-mavericks | 0.24 | ERROR | ||||
r-release-windows-ix86+x86_64 | 0.24 | 15.00 | 74.00 | 89.00 | NOTE | |
r-oldrel-windows-ix86+x86_64 | 0.24 | 15.00 | 70.00 | 85.00 | NOTE |
Version: 0.24
Check: dependencies in R code
Result: NOTE
Packages in Depends field not imported from:
‘cairoDevice’ ‘gWidgetsRGtk2’ ‘partitions’ ‘proto’
These packages need to be imported from (in the NAMESPACE file)
for when this namespace is loaded but not attached.
See the information on DESCRIPTION files in the chapter ‘Creating R
packages’ of the ‘Writing R Extensions’ manual.
Flavors: r-devel-linux-x86_64-debian-clang, r-devel-linux-x86_64-debian-gcc, r-devel-linux-x86_64-fedora-clang, r-devel-linux-x86_64-fedora-gcc, r-devel-osx-x86_64-clang, r-devel-windows-ix86+x86_64, r-patched-linux-x86_64, r-patched-solaris-sparc, r-patched-solaris-x86, r-release-linux-ix86, r-release-linux-x86_64, r-release-windows-ix86+x86_64, r-oldrel-windows-ix86+x86_64
Version: 0.24
Check: package dependencies
Result: ERROR
Packages required but not available: ‘cairoDevice’ ‘gWidgetsRGtk2’
See the information on DESCRIPTION files in the chapter ‘Creating R
packages’ of the ‘Writing R Extensions’ manual.
Flavor: r-release-osx-x86_64-mavericks