Last updated on 2014-10-02 01:48:10.
Flavor | Version | Tinstall | Tcheck | Ttotal | Status | Flags |
---|---|---|---|---|---|---|
r-devel-linux-x86_64-debian-clang | 1.3.1 | 0.60 | 17.82 | 18.41 | NOTE | |
r-devel-linux-x86_64-debian-gcc | 1.3.1 | 0.62 | 19.73 | 20.34 | NOTE | |
r-devel-linux-x86_64-fedora-clang | 1.3.1 | 38.07 | NOTE | |||
r-devel-linux-x86_64-fedora-gcc | 1.3.1 | 43.08 | NOTE | |||
r-devel-osx-x86_64-clang | 1.3.1 | 30.65 | NOTE | |||
r-devel-windows-ix86+x86_64 | 1.3.1 | 2.00 | 22.00 | 24.00 | NOTE | |
r-patched-linux-x86_64 | 1.3.1 | 0.61 | 19.88 | 20.48 | OK | |
r-patched-solaris-sparc | 1.3.1 | 218.00 | OK | |||
r-patched-solaris-x86 | 1.3.1 | 51.20 | OK | |||
r-release-linux-ix86 | 1.3.1 | 0.94 | 23.93 | 24.87 | OK | |
r-release-linux-x86_64 | 1.3.1 | 0.60 | 20.36 | 20.95 | OK | |
r-release-osx-x86_64-mavericks | 1.3.1 | OK | ||||
r-release-windows-ix86+x86_64 | 1.3.1 | 2.00 | 28.00 | 30.00 | OK | |
r-oldrel-windows-ix86+x86_64 | 1.3.1 | 3.00 | 27.00 | 30.00 | OK |
Version: 1.3.1
Check: R code for possible problems
Result: NOTE
pedigree.summary: no visible global function definition for ‘orderPed’
pedigree.summary: no visible global function definition for
‘calcInbreeding’
Flavors: r-devel-linux-x86_64-debian-clang, r-devel-linux-x86_64-debian-gcc, r-devel-linux-x86_64-fedora-clang, r-devel-linux-x86_64-fedora-gcc, r-devel-osx-x86_64-clang, r-devel-windows-ix86+x86_64