CRAN Package Check Results for Package AdaptiveSparsity

Last updated on 2014-10-02 01:48:10.

Flavor Version Tinstall Tcheck Ttotal Status Flags
r-devel-linux-x86_64-debian-clang 1.4 7.28 13.24 20.52 NOTE
r-devel-linux-x86_64-debian-gcc 1.4 8.18 13.55 21.73 NOTE
r-devel-linux-x86_64-fedora-clang 1.4 46.42 NOTE
r-devel-linux-x86_64-fedora-gcc 1.4 50.97 NOTE
r-devel-osx-x86_64-clang 1.4 39.89 NOTE
r-devel-windows-ix86+x86_64 1.4 27.00 34.00 61.00 NOTE
r-patched-linux-x86_64 1.4 10.30 15.61 25.91 NOTE
r-patched-solaris-sparc 1.4 292.10 NOTE
r-patched-solaris-x86 1.4 64.70 NOTE
r-release-linux-ix86 1.4 10.64 20.53 31.17 NOTE
r-release-linux-x86_64 1.4 8.98 15.33 24.30 NOTE
r-release-osx-x86_64-mavericks 1.4 NOTE
r-release-osx-x86_64-snowleopard 1.4 OK
r-release-windows-ix86+x86_64 1.4 27.00 40.00 67.00 NOTE
r-oldrel-windows-ix86+x86_64 1.4 27.00 43.00 70.00 NOTE

Check Details

Version: 1.4
Check: dependencies in R code
Result: NOTE
    Package in Depends field not imported from: ‘Rcpp’
     These packages need to be imported from (in the NAMESPACE file)
     for when this namespace is loaded but not attached.
    See the information on DESCRIPTION files in the chapter ‘Creating R
    packages’ of the ‘Writing R Extensions’ manual.
Flavors: r-devel-linux-x86_64-debian-clang, r-devel-linux-x86_64-debian-gcc, r-devel-linux-x86_64-fedora-clang, r-devel-linux-x86_64-fedora-gcc, r-devel-osx-x86_64-clang, r-devel-windows-ix86+x86_64, r-patched-linux-x86_64, r-patched-solaris-sparc, r-patched-solaris-x86, r-release-linux-ix86, r-release-linux-x86_64, r-release-osx-x86_64-mavericks, r-release-windows-ix86+x86_64, r-oldrel-windows-ix86+x86_64

Version: 1.4
Check: R code for possible problems
Result: NOTE
    rCSL: no visible global function definition for ‘ginv’
    rCSL: no visible global function definition for ‘expand’
    rCSL: no visible global function definition for ‘lu’
Flavors: r-devel-linux-x86_64-debian-clang, r-devel-linux-x86_64-debian-gcc, r-devel-linux-x86_64-fedora-clang, r-devel-linux-x86_64-fedora-gcc, r-devel-osx-x86_64-clang, r-devel-windows-ix86+x86_64