Last updated on 2014-10-02 01:48:11.
Flavor | Version | Tinstall | Tcheck | Ttotal | Status | Flags |
---|---|---|---|---|---|---|
r-devel-linux-x86_64-debian-clang | 0.3-1 | 9.54 | 50.78 | 60.32 | OK | |
r-devel-linux-x86_64-debian-gcc | 0.3-1 | 12.79 | 50.61 | 63.40 | OK | |
r-devel-linux-x86_64-fedora-clang | 0.3-1 | 82.97 | OK | |||
r-devel-linux-x86_64-fedora-gcc | 0.3-1 | 145.64 | OK | |||
r-devel-osx-x86_64-clang | 0.3-1 | 59.92 | OK | |||
r-devel-windows-ix86+x86_64 | 0.3-1 | 38.00 | 112.00 | 150.00 | OK | |
r-patched-linux-x86_64 | 0.3 | 12.50 | 53.12 | 65.62 | OK | |
r-patched-solaris-sparc | 0.3-1 | 689.00 | OK | |||
r-patched-solaris-x86 | 0.3-1 | 138.20 | OK | |||
r-release-linux-ix86 | 0.3 | 16.67 | 644.16 | 660.83 | ERROR | |
r-release-linux-x86_64 | 0.3-1 | 12.58 | 53.58 | 66.16 | OK | |
r-release-osx-x86_64-mavericks | 0.3-1 | OK | ||||
r-release-osx-x86_64-snowleopard | 0.3-1 | OK | ||||
r-release-windows-ix86+x86_64 | 0.3-1 | 34.00 | 119.00 | 153.00 | OK | |
r-oldrel-windows-ix86+x86_64 | 0.3-1 | 34.00 | 127.00 | 161.00 | OK |
Version: 0.3
Check: examples
Result: ERROR
Running examples in ‘ASMap-Ex.R’ failed
The error most likely occurred in:
> ### Name: heatMap
> ### Title: Heat map of the estimated pairwise recombination fractions and
> ### LOD linkage between markers.
> ### Aliases: heatMap
> ### Keywords: graphics
>
> ### ** Examples
>
>
> data(mapDH, package = "ASMap")
>
> ## bulking linkage groups and reconstructing entire linkage map
>
> test1 <- mstmap(mapDH, bychr = FALSE, dist.fun = "kosambi", trace = FALSE)
Flavor: r-release-linux-ix86