CRAN Package Check Results for Package ABCp2

Last updated on 2014-10-02 01:48:10.

Flavor Version Tinstall Tcheck Ttotal Status Flags
r-devel-linux-x86_64-debian-clang 1.1 0.68 13.36 14.05 NOTE
r-devel-linux-x86_64-debian-gcc 1.1 0.66 11.75 12.41 NOTE
r-devel-linux-x86_64-fedora-clang 1.1 29.75 NOTE
r-devel-linux-x86_64-fedora-gcc 1.1 28.60 NOTE
r-devel-osx-x86_64-clang 1.1 27.93 NOTE
r-devel-windows-ix86+x86_64 1.1 2.00 20.00 22.00 NOTE
r-patched-linux-x86_64 1.1 0.69 12.25 12.94 NOTE
r-patched-solaris-sparc 1.1 165.10 NOTE
r-patched-solaris-x86 1.1 37.00 NOTE
r-release-linux-ix86 1.1 0.93 17.18 18.11 NOTE
r-release-linux-x86_64 1.1 0.72 13.79 14.51 NOTE
r-release-osx-x86_64-mavericks 1.1 NOTE
r-release-windows-ix86+x86_64 1.1 3.00 24.00 27.00 NOTE
r-oldrel-windows-ix86+x86_64 1.1 4.00 24.00 28.00 NOTE

Check Details

Version: 1.1
Check: dependencies in R code
Result: NOTE
    Package in Depends field not imported from: ‘MASS’
     These packages need to be imported from (in the NAMESPACE file)
     for when this namespace is loaded but not attached.
    See the information on DESCRIPTION files in the chapter ‘Creating R
    packages’ of the ‘Writing R Extensions’ manual.
Flavors: r-devel-linux-x86_64-debian-clang, r-devel-linux-x86_64-debian-gcc, r-devel-linux-x86_64-fedora-clang, r-devel-linux-x86_64-fedora-gcc, r-devel-osx-x86_64-clang, r-devel-windows-ix86+x86_64, r-patched-linux-x86_64, r-patched-solaris-sparc, r-patched-solaris-x86, r-release-linux-ix86, r-release-linux-x86_64, r-release-osx-x86_64-mavericks, r-release-windows-ix86+x86_64, r-oldrel-windows-ix86+x86_64

Version: 1.1
Check: R code for possible problems
Result: NOTE
    fit_dist_gamma: no visible global function definition for ‘fitdistr’
    fit_dist_norm: no visible global function definition for ‘fitdistr’
    fit_dist_pois: no visible global function definition for ‘fitdistr’
Flavors: r-devel-linux-x86_64-debian-clang, r-devel-linux-x86_64-debian-gcc, r-devel-linux-x86_64-fedora-clang, r-devel-linux-x86_64-fedora-gcc, r-devel-osx-x86_64-clang, r-devel-windows-ix86+x86_64